{"id":130,"date":"2020-10-08T19:16:42","date_gmt":"2020-10-08T19:16:42","guid":{"rendered":"https:\/\/lab.prd.vanderbilt.edu\/sando-lab\/?page_id=130"},"modified":"2024-12-22T01:29:53","modified_gmt":"2024-12-22T01:29:53","slug":"publications","status":"publish","type":"page","link":"https:\/\/lab.vanderbilt.edu\/sando-lab\/publications\/","title":{"rendered":"Recent Publications"},"content":{"rendered":"<h2>2024<\/h2><div class=\"well\"> <div class=\"media\">    <div class=\"media-left\"><i style=\"width: 20px; height: 20px; color: #cdcdcd;\" class=\"fa fa-file-text\" aria-hidden=\"true\"><\/i><\/div><div class=\"media-body\">GarbettK, TosunB, LopezJM, SmithCM, HonkanenK, SandoRC, <strong> <a href=\"https:\/\/lab.vanderbilt.edu\/sando-lab\/publication\/synaptic-g%ce%b112-13-signaling-establishes-hippocampal-pv-inhibitory-circuits\/\">Synaptic G\u03b112\/13 signaling establishes hippocampal PV inhibitory circuits<\/a><\/strong>Proceedings of the National Academy of Sciences of the United States of America. 2024 Dec 18 121 (52). e2407828121 <ul style=\"margin-top: 10px;\"><li>PMID: <a href=\"https:\/\/www.ncbi.nlm.nih.gov\/pubmed\/39693341\" target=\"_blank\">39693341[PubMed]<\/a>. <\/li><\/ul><\/div><\/div><\/div><div class=\"well\"> <div class=\"media\">    <div class=\"media-left\"><i style=\"width: 20px; height: 20px; color: #cdcdcd;\" class=\"fa fa-file-text\" aria-hidden=\"true\"><\/i><\/div><div class=\"media-body\">Mat\u00fa\u0161D, LopezJM, SandoRC, S\u00fcdhofTC, <strong> <a href=\"https:\/\/lab.vanderbilt.edu\/sando-lab\/publication\/essential-role-of-latrophilin-1-adhesion-gpcr-nanoclusters-in-inhibitory-synapses\/\">Essential Role of Latrophilin-1 Adhesion GPCR Nanoclusters in Inhibitory Synapses<\/a><\/strong>The Journal of neuroscience : the official journal of the Society for Neuroscience. 2024 Jun 5 44 (23). <ul style=\"margin-top: 10px;\"><li>PMID: <a href=\"https:\/\/www.ncbi.nlm.nih.gov\/pubmed\/38684366\" target=\"_blank\">38684366[PubMed]<\/a>. <\/li><\/ul><\/div><\/div><\/div><div class=\"well\"> <div class=\"media\">    <div class=\"media-left\"><i style=\"width: 20px; height: 20px; color: #cdcdcd;\" class=\"fa fa-file-text\" aria-hidden=\"true\"><\/i><\/div><div class=\"media-body\">BandekarSJ, GarbettK, KordonSP, DintznerE, ShearerT, SandoRC, Ara\u00e7D, <strong> <a href=\"https:\/\/lab.vanderbilt.edu\/sando-lab\/publication\/structure-of-the-extracellular-region-of-the-adhesion-gpcr-celsr1-reveals-a-compact-module-which-regulates-g-protein-coupling\/\">Structure of the extracellular region of the adhesion GPCR CELSR1 reveals a compact module which regulates G protein-coupling<\/a><\/strong>bioRxiv : the preprint server for biology. 2024 Jan 27 <ul style=\"margin-top: 10px;\"><li>PMID: <a href=\"https:\/\/www.ncbi.nlm.nih.gov\/pubmed\/38328199\" target=\"_blank\">38328199[PubMed]<\/a>. <\/li><\/ul><\/div><\/div><\/div>\n<h2>2023<\/h2><div class=\"well\"> <div class=\"media\">    <div class=\"media-left\"><i style=\"width: 20px; height: 20px; color: #cdcdcd;\" class=\"fa fa-file-text\" aria-hidden=\"true\"><\/i><\/div><div class=\"media-body\">BuiDLH, RoachA, LiJ, BandekarSJ, OrputE, RaghavanR, Ara\u00e7D, SandoRC, <strong> <a href=\"https:\/\/lab.vanderbilt.edu\/sando-lab\/publication\/the-adhesion-gpcrs-celsr1-3-and-lphn3-engage-g-proteins-via-distinct-activation-mechanisms\/\">The adhesion GPCRs CELSR1-3 and LPHN3 engage G proteins via distinct activation mechanisms<\/a><\/strong>Cell reports. 2023 May 23 42 (6). 112552 <ul style=\"margin-top: 10px;\"><li>PMID: <a href=\"https:\/\/www.ncbi.nlm.nih.gov\/pubmed\/37224017\" target=\"_blank\">37224017[PubMed]<\/a>. <\/li><\/ul><\/div><\/div><\/div>\n<h2>2022<\/h2><div class=\"well\"> <div class=\"media\">    <div class=\"media-left\"><i style=\"width: 20px; height: 20px; color: #cdcdcd;\" class=\"fa fa-file-text\" aria-hidden=\"true\"><\/i><\/div><div class=\"media-body\">SandoR, HoML, LiuX, S\u00fcdhofTC, <strong> <a href=\"https:\/\/lab.vanderbilt.edu\/sando-lab\/publication\/engineered-synaptic-tools-reveal-localized-camp-signaling-in-synapse-assembly\/\">Engineered synaptic tools reveal localized cAMP signaling in synapse assembly<\/a><\/strong>The Journal of cell biology. 2021 Dec 16 221 (2). <ul style=\"margin-top: 10px;\"><li>PMID: <a href=\"https:\/\/www.ncbi.nlm.nih.gov\/pubmed\/34913963\" target=\"_blank\">34913963[PubMed]<\/a>. <\/li><\/ul><\/div><\/div><\/div>\n<h2>2021<\/h2><div class=\"well\"> <div class=\"media\">    <div class=\"media-left\"><i style=\"width: 20px; height: 20px; color: #cdcdcd;\" class=\"fa fa-file-text\" aria-hidden=\"true\"><\/i><\/div><div class=\"media-body\">SandoR, S\u00fcdhofTC, <strong> <a href=\"https:\/\/lab.vanderbilt.edu\/sando-lab\/publication\/latrophilin-gpcr-signaling-mediates-synapse-formation\/\">Latrophilin GPCR signaling mediates synapse formation<\/a><\/strong>eLife. 2021 Mar 1 10 <ul style=\"margin-top: 10px;\"><li>PMID: <a href=\"https:\/\/www.ncbi.nlm.nih.gov\/pubmed\/33646123\" target=\"_blank\">33646123[PubMed]<\/a>. <\/li><\/ul><\/div><\/div><\/div><div class=\"well\"> <div class=\"media\">    <div class=\"media-left\"><i style=\"width: 20px; height: 20px; color: #cdcdcd;\" class=\"fa fa-file-text\" aria-hidden=\"true\"><\/i><\/div><div class=\"media-body\">JiangX, SandoR, S\u00fcdhofTC, <strong> <a href=\"https:\/\/lab.vanderbilt.edu\/sando-lab\/publication\/multiple-signaling-pathways-are-essential-for-synapse-formation-induced-by-synaptic-adhesion-molecules\/\">Multiple signaling pathways are essential for synapse formation induced by synaptic adhesion molecules<\/a><\/strong>Proceedings of the National Academy of Sciences of the United States of America. 2021 Jan 19 118 (3). <ul style=\"margin-top: 10px;\"><li>PMID: <a href=\"https:\/\/www.ncbi.nlm.nih.gov\/pubmed\/33431662\" target=\"_blank\">33431662[PubMed]<\/a>. <\/li><\/ul><\/div><\/div><\/div>\n<h2>2019<\/h2><div class=\"well\"> <div class=\"media\">    <div class=\"media-left\"><i style=\"width: 20px; height: 20px; color: #cdcdcd;\" class=\"fa fa-file-text\" aria-hidden=\"true\"><\/i><\/div><div class=\"media-body\">DongJX, LeeY, KirmizM, PalacioS, DumitrasC, MorenoCM, SandoR, SantanaLF, S\u00fcdhofTC, GongB, MurrayKD, TrimmerJS, <strong> <a href=\"https:\/\/lab.vanderbilt.edu\/sando-lab\/publication\/a-toolbox-of-nanobodies-developed-and-validated-for-use-as-intrabodies-and-nanoscale-immunolabels-in-mammalian-brain-neurons\/\">A toolbox of nanobodies developed and validated for use as intrabodies and nanoscale immunolabels in mammalian brain neurons<\/a><\/strong>eLife. 2019 Sep 30 8 <ul style=\"margin-top: 10px;\"><li>PMID: <a href=\"https:\/\/www.ncbi.nlm.nih.gov\/pubmed\/31566565\" target=\"_blank\">31566565[PubMed]<\/a>. <\/li><\/ul><\/div><\/div><\/div><div class=\"well\"> <div class=\"media\">    <div class=\"media-left\"><i style=\"width: 20px; height: 20px; color: #cdcdcd;\" class=\"fa fa-file-text\" aria-hidden=\"true\"><\/i><\/div><div class=\"media-body\">SandoR, JiangX, S\u00fcdhofTC, <strong> <a href=\"https:\/\/lab.vanderbilt.edu\/sando-lab\/publication\/latrophilin-gpcrs-direct-synapse-specificity-by-coincident-binding-of-flrts-and-teneurins\/\">Latrophilin GPCRs direct synapse specificity by coincident binding of FLRTs and teneurins<\/a><\/strong>Science (New York, N.Y.). 2019 Feb 22 363 (6429). <ul style=\"margin-top: 10px;\"><li>PMID: <a href=\"https:\/\/www.ncbi.nlm.nih.gov\/pubmed\/30792275\" target=\"_blank\">30792275[PubMed]<\/a>. <\/li><\/ul><\/div><\/div><\/div>\n<h2>2018<\/h2><div class=\"well\"> <div class=\"media\">    <div class=\"media-left\"><i style=\"width: 20px; height: 20px; color: #cdcdcd;\" class=\"fa fa-file-text\" aria-hidden=\"true\"><\/i><\/div><div class=\"media-body\">LiJ, Shalev-BenamiM, SandoR, JiangX, KibromA, WangJ, LeonK, KatanskiC, NazarkoO, LuYC, S\u00fcdhofTC, SkiniotisG, Ara\u00e7D, <strong> <a href=\"https:\/\/lab.vanderbilt.edu\/sando-lab\/publication\/structural-basis-for-teneurin-function-in-circuit-wiring-a-toxin-motif-at-the-synapse\/\">Structural Basis for Teneurin Function in Circuit-Wiring: A Toxin Motif at the Synapse<\/a><\/strong>Cell. 2018 Apr 19 173 (3). 735-748.e15 <ul style=\"margin-top: 10px;\"><li>PMID: <a href=\"https:\/\/www.ncbi.nlm.nih.gov\/pubmed\/29677516\" target=\"_blank\">29677516[PubMed]<\/a>. <\/li><\/ul><\/div><\/div><\/div>\n<h2>2017<\/h2><div class=\"well\"> <div class=\"media\">    <div class=\"media-left\"><i style=\"width: 20px; height: 20px; color: #cdcdcd;\" class=\"fa fa-file-text\" aria-hidden=\"true\"><\/i><\/div><div class=\"media-body\">AndersonGR, MaxeinerS, SandoR, TsetsenisT, MalenkaRC, S\u00fcdhofTC, <strong> <a href=\"https:\/\/lab.vanderbilt.edu\/sando-lab\/publication\/postsynaptic-adhesion-gpcr-latrophilin-2-mediates-target-recognition-in-entorhinal-hippocampal-synapse-assembly-2\/\">Postsynaptic adhesion GPCR latrophilin-2 mediates target recognition in entorhinal-hippocampal synapse assembly<\/a><\/strong>The Journal of cell biology. 2017 Sep 28 216 (11). 3831-3846 <ul style=\"margin-top: 10px;\"><li>PMID: <a href=\"https:\/\/www.ncbi.nlm.nih.gov\/pubmed\/28972101\" target=\"_blank\">28972101[PubMed]<\/a>. <\/li><\/ul><\/div><\/div><\/div><div class=\"well\"> <div class=\"media\">    <div class=\"media-left\"><i style=\"width: 20px; height: 20px; color: #cdcdcd;\" class=\"fa fa-file-text\" aria-hidden=\"true\"><\/i><\/div><div class=\"media-body\">SandoR, BushongE, ZhuY, HuangM, ConsidineC, PhanS, JuS, UytiepoM, EllismanM, MaximovA, <strong> <a href=\"https:\/\/lab.vanderbilt.edu\/sando-lab\/publication\/assembly-of-excitatory-synapses-in-the-absence-of-glutamatergic-neurotransmission\/\">Assembly of Excitatory Synapses in the Absence of Glutamatergic Neurotransmission<\/a><\/strong>Neuron. 2017 Apr 19 94 (2). 312-321.e3 <ul style=\"margin-top: 10px;\"><li>PMID: <a href=\"https:\/\/www.ncbi.nlm.nih.gov\/pubmed\/28426966\" target=\"_blank\">28426966[PubMed]<\/a>. <\/li><\/ul><\/div><\/div><\/div>\n<h2>2015<\/h2><div class=\"well\"> <div class=\"media\">    <div class=\"media-left\"><i style=\"width: 20px; height: 20px; color: #cdcdcd;\" class=\"fa fa-file-text\" aria-hidden=\"true\"><\/i><\/div><div class=\"media-body\">LuYC, NazarkoOV, SandoR, SalzmanGS, LiNS, S\u00fcdhofTC, Ara\u00e7D, <strong> <a href=\"https:\/\/lab.vanderbilt.edu\/sando-lab\/publication\/structural-basis-of-latrophilin-flrt-unc5-interaction-in-cell-adhesion\/\">Structural Basis of Latrophilin-FLRT-UNC5 Interaction in Cell Adhesion<\/a><\/strong>Structure (London, England : 1993). 2015 Jul 30 23 (9). 1678-1691 <ul style=\"margin-top: 10px;\"><li>PMID: <a href=\"https:\/\/www.ncbi.nlm.nih.gov\/pubmed\/26235030\" target=\"_blank\">26235030[PubMed]<\/a>. <\/li><\/ul><\/div><\/div><\/div>\n","protected":false},"excerpt":{"rendered":"","protected":false},"author":11,"featured_media":0,"parent":0,"menu_order":0,"comment_status":"closed","ping_status":"closed","template":"","meta":{"_acf_changed":false,"jetpack_post_was_ever_published":false,"footnotes":"","_links_to":"","_links_to_target":""},"tags":[],"class_list":["post-130","page","type-page","status-publish","hentry"],"acf":[],"jetpack_sharing_enabled":true,"jetpack_shortlink":"https:\/\/wp.me\/PcjsdS-26","_links":{"self":[{"href":"https:\/\/lab.vanderbilt.edu\/sando-lab\/wp-json\/wp\/v2\/pages\/130","targetHints":{"allow":["GET"]}}],"collection":[{"href":"https:\/\/lab.vanderbilt.edu\/sando-lab\/wp-json\/wp\/v2\/pages"}],"about":[{"href":"https:\/\/lab.vanderbilt.edu\/sando-lab\/wp-json\/wp\/v2\/types\/page"}],"author":[{"embeddable":true,"href":"https:\/\/lab.vanderbilt.edu\/sando-lab\/wp-json\/wp\/v2\/users\/11"}],"replies":[{"embeddable":true,"href":"https:\/\/lab.vanderbilt.edu\/sando-lab\/wp-json\/wp\/v2\/comments?post=130"}],"version-history":[{"count":10,"href":"https:\/\/lab.vanderbilt.edu\/sando-lab\/wp-json\/wp\/v2\/pages\/130\/revisions"}],"predecessor-version":[{"id":359,"href":"https:\/\/lab.vanderbilt.edu\/sando-lab\/wp-json\/wp\/v2\/pages\/130\/revisions\/359"}],"wp:attachment":[{"href":"https:\/\/lab.vanderbilt.edu\/sando-lab\/wp-json\/wp\/v2\/media?parent=130"}],"wp:term":[{"taxonomy":"post_tag","embeddable":true,"href":"https:\/\/lab.vanderbilt.edu\/sando-lab\/wp-json\/wp\/v2\/tags?post=130"}],"curies":[{"name":"wp","href":"https:\/\/api.w.org\/{rel}","templated":true}]}}